8. Let f be (-7)/5 + (-4450)/125 + 24. Give j(f).
-4
Suppose 9*b + 207 = -153. Let x = -41 - b. Let f(l) = 17*l**2 - l - 1. Calculate f(x).
17
Let h(i) be the third derivative of 0*i + 1/15*i**5 + 0 - 1/24*i**4 + 1/6*i**3 + 1/120*i**6 - 72*i**2. Give h(-4).
5
Let x(z) = 2*z**3 + 4*z**2 + 5*z + 2. Let p(k) = k**2 - 38*k + 342. Let t be p(15). Calculate x(t).
-31
Let j(u) = -u - 15 - 2*u - u. Let q be j(-5). Let a(v) be the second derivative of -v**3/6 + v**2/2 - 252*v. What is a(q)?
-4
Suppose -6*x = 5*f - 5*x - 7, -3*f = 2*x. Let d(k) = 18 + 8*k**f + k - 7*k**2 + 0*k**2. Calculate d(0).
18
Let w(l) be the second derivative of l**5/20 + 7*l**4/12 + l**3 - 3*l**2 - 2*l. Let v = -5288 - -5282. What is w(v)?
-6
Let j(w) = w**3 + 18*w**2 + 23*w + 32. Let m be 4 + ((-62)/93)/(4/126). What is j(m)?
-70
Let t be ((-11)/5 + 1)*-10. Let u(w) = 2 - t*w**2 - 1 + w**2 + w + 10*w**2. Let n(g) = -7*g**2 + 3*g. Let s(m) = n(m) - u(m). What is s(1)?
-5
Let d(b) = 10*b + 1. Let t(x) = -x + 15. Let j be t(11). Let k be j/18 + 2 + 4/(-18). Suppose 3*y + k = y. Give d(y).
-9
Suppose -9 = 28*m - 37. Let y(r) = -4*r**3 + r**2 - 75*r + 77*r + m + r**2. What is y(-1)?
5
Let q(p) = 5*p**2 + p - 3. Let m(y) = y**2 + 18*y + 68. Let o be m(-5). Give q(o).
45
Suppose 4*y - 12 = -5*m + 14, 2*m + 13 = y. Suppose -3*g + 766 + 3716 = 0. Let s(p) = g - 2987 - 8*p + 1491 + p**2. Give s(y).
7
Let c(y) = -4*y**2 + 2*y - 2. Let n(h) = 7*h**2 - 12*h + 5. Let p(q) = -2*c(q) - n(q). Suppose -5*g = -12 + 42. Give p(g).
-13
Let j(b) = b**3 - 12*b**2 + 10*b + 16. Let g be j(11). Suppose -3*y - 5*k = -9*k + 21, -5*y = -g*k + 35. Let x(i) = i**2 + 6*i - 3. Determine x(y).
4
Let t(k) be the third derivative of -k**7/2520 + 7*k**6/720 + k**5/12 - 4*k**4 + 2*k**2 + 7*k. Let w(b) be the second derivative of t(b). What is w(8)?
2
Let o(y) be the first derivative of -1/3*y**3 - 39 - y - 5/2*y**2. Give o(-6).
-7
Let n = 1 + -1. Let i(p) = -3*p**2 - 3*p + 23. Let u(m) = m**2 + m - 1. Let s be -4 - ((-1)/1)/((-3)/(-15)). Let x(v) = s*i(v) + 4*u(v). Calculate x(n).
19
Suppose -7 = 3*g + 5, 18 = 2*o - 2*g. Let f(q) = -5*q**2 - 6. Let u be 1*5*(3 - 42/15). Let d(y) = y**2 + y. Let m(x) = u*f(x) + 4*d(x). Calculate m(o).
-11
Let i(z) = 43 - 38 + 4 + 0 + 16*z. Calculate i(-4).
-55
Let p(k) be the first derivative of 29 + 2*k**2 - 1/6*k**3 + 2*k. Let s(x) be the first derivative of p(x). Determine s(7).
-3
Let g be (-5)/((-3)/(-12)*4). Let w be -2*(g + 4 + 0). Let p(z) = -2*z + 1 + 2*z**2 + 4*z**2 - 5*z**w. Calculate p(1).
0
Suppose 168 = 24*k - 169*k - 1427. Let o(h) = -2*h**2 - 27*h - 67. Determine o(k).
-12
Let i(r) be the first derivative of 4 + 11*r + 3*r**2 - 3 - 2*r**2 - 7. Suppose 0 = -7*c - 2*c - 72. Give i(c).
-5
Let r(d) = d**3 - 3*d**2 - 64*d + 80. Let f be r(9). Let x(c) = -9*c + 3*c + 1 - c**2 - 6*c - 7. Calculate x(f).
14
Let a(u) = u**3 + 7*u**2 + 7*u + 2. Let j(q) = -3*q - 9. Let t be j(-5). Suppose -t*d + 135 + 153 = 0. Let y = -54 + d. Give a(y).
-4
Let a(h) be the third derivative of -h**4/24 - 11*h**3/6 + 174*h**2. Let c = 116 + -76. Suppose 5*w + c = 5. Determine a(w).
-4
Let g(n) = 4*n**2 + n + 1. Let u(b) = 19*b**2 - 4*b + 4. Let p(l) = 5*g(l) - u(l). Suppose -4*d + i - 25 = 0, -2*i + 0*i + 29 = -5*d. Calculate p(d).
-13
Let b(q) = -2*q**3 - 4*q**2 - q - 2. Let m(i) = -6*i + 62. Let z be m(8). Suppose 29 = -z*k - 13. Calculate b(k).
19
Suppose 0 = 8*o - 86 + 70. Let g(d) = 6*d**2 + o*d - 10*d**2 - 8*d**2 + 11*d**2 + 2. Determine g(2).
2
Let r(y) = -34*y**3 + 11*y**2 - 2*y - 8. Let a(p) = 33*p**3 - 13*p**2 + 2*p + 9. Let i(o) = 5*a(o) + 6*r(o). Give i(-1).
39
Let l = 682 + -579. Suppose -98*i - 15 = -l*i. Let r(y) = -y**2 + 2*y + 1. Give r(i).
-2
Let v(f) = -90 + 3*f**3 - 53*f + 67*f - 13*f**2 + 94 - 4*f**3. Let x be 21/(-1*9/6). Determine v(x).
4
Let a(u) = -2*u + 24. Let k be a(11). Suppose -k*g - 8 = -12. Let n(i) = 7 + 7*i**2 - 8*i**g - 4*i - i**2 + i**3 - 2*i**2. Calculate n(5).
12
Let g(z) = 41 + 38 + 47 - 185 + 13*z + 40. Give g(2).
7
Let v be (6/5)/(669/(-2230)). Let q(a) = -3 + 5*a + a + 4 + 4. What is q(v)?
-19
Suppose 4*m = 36, 311 = -3*u + 3*m + 272. Let r(w) be the third derivative of w**4/24 + w**3/6 + 6*w**2. Calculate r(u).
-3
Let v(p) = -9*p - 242. Let c = -9880 - -9853. Give v(c).
1
Let v(b) = -b**3 + 7*b**2 + b - 7. Let r be v(5). Suppose 16 = 8*p - r. Let g(x) = -8*x - 2 + 3*x - x**2 + 9 + p*x. Determine g(5).
-3
Let x(o) = 4*o**2 + 6*o + 19. Let u be x(-4). Suppose -7*t - u = -661. Let l(q) = q**2 - t*q + 166*q + 3*q**3 - 82*q - 1 - 2*q**2. Give l(-1).
-3
Let q(d) be the second derivative of 31*d**3/6 + 223*d**2/2 + 892*d - 1. Give q(-7).
6
Let h(s) be the first derivative of -s**3/3 - 7*s**2/2 - 7*s - 2. Suppose -z + 63 = -5*f + 16, 3*z = 4*f + 185. Suppose 12*d = -z + 7. What is h(d)?
3
Let s(x) be the first derivative of 185*x**2/2 - 10*x - 26. Let r be s(1). Let p(b) = r*b - 1 - 341*b - 3*b**2 + 168*b. Determine p(2).
-9
Let k(q) = -q - 1. Let c(m) = -m + 1. Let r(v) = 6*v - 13. Let y be r(8). Let j = y + -39. Let h(n) = j*c(n) - k(n). Give h(2).
7
Let j(k) = -k**2 - 9*k - 9. Let o be j(-9). Let n(p) = -151*p - 53. Let t(c) = -25*c - 6. Let b(u) = -n(u) + 6*t(u). Calculate b(o).
8
Let q(j) = -12*j**2. Suppose -30 = -4*o + 2*c, -o - 5 = -6*c + 8*c. Suppose 10*a + o = -5. Give q(a).
-12
Let z(r) be the first derivative of r**3/3 - 5*r**2/2 - 9*r - 1. Let y(x) = 33*x**2 - 1187*x - 28. Let u be y(36). What is z(u)?
15
Let y = -523 + 523. Let m be 8/(-10)*-17 + (-9)/15. Let v(u) = 1 + 12*u - m*u + 9 - u**3. Determine v(y).
10
Suppose 2*t = 7*t - r - 46, -4 = -r. Suppose -4*d - d = 0, t = -5*k - d. Let l be 1/((-3)/3)*k. Let p(x) = -16*x + 3. Give p(l).
-29
Let q(u) be the second derivative of u**7/840 - u**6/90 - u**5/30 + 5*u**4/24 + 61*u**3/3 + u - 19. Let b(p) be the second derivative of q(p). What is b(4)?
-11
Let p be (4/(-8))/((-24)/16). Let z(l) be the third derivative of 0*l - 1/15*l**5 - 1/120*l**6 - 12*l**2 + 1/6*l**4 + 0 + p*l**3. What is z(-5)?
7
Let j = 265 + -256. Let r be 9 - (-8 + 2 + j). Let u(k) = 2*k - 7. Calculate u(r).
5
Let y(l) be the third derivative of -l**6/120 - 2*l**5/15 - 17*l**4/24 - 23*l**3/6 - 7*l**2 - 17*l - 1. Calculate y(-6).
7
Let w(j) = -3*j + 6*j - 10*j. Suppose 18*u - 12 = 16*u + 2*y, 6*y + 33 = 3*u. Calculate w(u).
-7
Let f(j) = 5*j**3 + j**2 + 8. Let a(q) = -9*q**3 - q**2 + q - 15. Let n(w) = -4*a(w) - 7*f(w). Let y(r) = 8*r**2 + 81*r + 13. Let p be y(-10). Calculate n(p).
-8
Let f(o) = -25*o - 578. Suppose 1904 + 855 - 252 = -109*h. Give f(h).
-3
Let p(y) = 3*y**2 + 4*y + 2. Suppose 8*c + 5*w - 40 = 3*c, 2*w - 22 = -4*c. Suppose 29 - 8 = j - 5*t, -c*t - 15 = 0. Give p(j).
34
Let t(z) = z**3 - 11*z**2 + 2. Let r(n) = 4*n + 51 + 0*n + 2 + 50 + 8. Let d be r(-25). Give t(d).
2
Suppose 3*p + 54 - 60 = 0. Let g(h) = 55*h**2 + 55*h**2 + 5*h + 59*h**p - 170*h**2. Give g(6).
-6
Let v(d) be the third derivative of d**6/120 - d**5/30 - d**4/8 + d**3/6 + d**2 - 253. Suppose 0 = 4*f + 5*z - 7, -4*f + 17 = -0*f - 5*z. Give v(f).
1
Let i(g) = 5*g**2 - 2*g**2 + 5 + 33*g - g**2 - 13*g - 11*g. Suppose -15*o - 20 = 25. Determine i(o).
-4
Let x = 7 + -5. Suppose -4*l - 2*p - 2*p = -20, -x*p + 10 = l. Let u(y) = 13 - 2*y - 13 + y - 15 + 0*y. Determine u(l).
-15
Let i(z) = z**3 - 3*z**2 - 3*z - 5. Suppose 4*n = 40*h - 37*h + 60, -4*h = 16. Suppose 10*t + n = 52. Calculate i(t).
-1
Let l(d) = -d**3 + 2*d**2 - 5*d + 4. Let w = 43 - 53. Let v(a) = -3*a**2 - 34*a - 37. Let b be v(w). Give l(b).
-20
Let q = 2407 - 2407. Let b(l) = l + 14. Give b(q).
14
Let v(p) = -p**3 + 7*p**2 + 7*p - 7. Let k be v(5). Let l(z) = -z - 4*z + 3*z + 3 + k*z**3 + z**2 - 77*z**3. Determine l(2).
11
Let o(q) = -3*q**2 + 12*q - 17. Let r(w) be the third derivative of w**5/12 - 3*w**4/4 + 13*w**3/3 - 23*w**2 + 1. Let g(y) = -8*o(y) - 5*r(y). Calculate g(-6).
6
Let k(q) = -2*q - 12. Let f(i) = 6*i**2 - 161*i - 9. Let d be f(27). Let r be (d - 16) + 5 + 3. Calculate k(r).
-32
Let n(c) = -881*c + 18505. Let i be n(21). Let f(p) = -p - 2. Let b(y) = y + 3. Let k(t) = 3*b(t) + 4*f(t). Calculate k(i).
-3
Suppose 979 = 21*a + 265. Suppose -5*o = 2*h + a, -3*h - 2 - 22 = 3*o. Let p(z) = z**3 + 5*z**2 - 6*z + 1. Give p(o).
1
Let o(r) = 3*r**2 + 12*r + 12. Let a(n) be the se